{"id":4676,"date":"2019-01-31T10:23:24","date_gmt":"2019-01-31T13:23:24","guid":{"rendered":"https:\/\/rutaspatagonicas.com.ar\/shop\/?post_type=product&#038;p=4676"},"modified":"2020-02-05T11:47:58","modified_gmt":"2020-02-05T14:47:58","slug":"set-4-imanes-caballos-patagonia-pirograbados","status":"publish","type":"product","link":"https:\/\/rutaspatagonicas.com\/advertising\/producto\/set-4-imanes-caballos-patagonia-pirograbados\/","title":{"rendered":"Set 4 Imanes Caballos Patagonia Pirograbados"},"content":{"rendered":"<!--themify_builder_content-->\n<div id=\"themify_builder_content-4676\" data-postid=\"4676\" class=\"themify_builder_content themify_builder_content-4676 themify_builder tf_clear\">\n    \t\t\t\t<!-- module_row -->\n\t\t<div  data-lazy=\"1\" class=\"module_row themify_builder_row tb_42e364c tb_first tf_w tf_clearfix\">\n\t\t\t\t\t<div class=\"row_inner col_align_top tb_col_count_1 tf_box tf_rel\">\n\t\t\t\t\t<div  data-lazy=\"1\" class=\"module_column tb-column col-full tb_6cef72c first\">\n\t\t\t\t\t\t\t\t\t<div class=\"tb-column-inner tf_box tf_w\">\n\t\t\t\t<!-- module text -->\n<div  class=\"module module-text tb_90a1af1  repeat \" data-lazy=\"1\">\n        <div  class=\"tb_text_wrap\">\n    <p>Set de 4 Imanes dibujados con fuego a mano. Espectaculares caballos de Patagonia hechos con t\u00e9cnicas de Pirograbado. Ideal para regalar de recuerdo o decorar tu nevera. Trabajos exclusivos.<\/p>    <\/div>\n<\/div>\n<!-- \/module text -->\t\t\t\t<\/div><!-- .tb-column-inner -->\n\t\t\t\t\t\t<\/div><!-- .module_column -->\n\t\t\t\t\t\t<\/div><!-- .row_inner -->\n\t\t<\/div><!-- .module_row -->\n\t\t\t\t<\/div>\n<!--\/themify_builder_content--><!-- AddThis Advanced Settings generic via filter on the_content --><!-- AddThis Share Buttons generic via filter on the_content -->","protected":false},"excerpt":{"rendered":"<p>Imanes dibujados con fuego a mano. Espectaculares caballos de Patagonia hechos con t\u00e9cnicas de Pirograbado. Ideal para regalar de recuerdo o decorar tu nevera. Trabajos exclusivos.<!-- AddThis Advanced Settings generic via filter on get_the_excerpt --><!-- AddThis Share Buttons generic via filter on get_the_excerpt --><\/p>\n","protected":false},"featured_media":7170,"comment_status":"open","ping_status":"closed","template":"","meta":{"content-type":""},"product_brand":[],"product_cat":[269,272],"product_tag":[273,275,268,45,274],"class_list":{"0":"post-4676","1":"product","2":"type-product","3":"status-publish","4":"has-post-thumbnail","6":"product_cat-decoracion","7":"product_cat-hecho-a-mano","8":"product_tag-caballos","9":"product_tag-decoracion","10":"product_tag-hecho-a-mano","11":"product_tag-patagonia","12":"product_tag-pirograbados","13":"has-post-title","14":"has-post-date","15":"has-post-category","16":"has-post-tag","17":"has-post-comment","18":"has-post-author","19":"","21":"first","22":"instock","23":"taxable","24":"shipping-taxable","25":"purchasable","26":"product-type-simple"},"yoast_head":"<!-- This site is optimized with the Yoast SEO plugin v26.4 - https:\/\/yoast.com\/wordpress\/plugins\/seo\/ -->\n<title>Set 4 Imanes Caballos Patagonia Pirograbados | Rutas Patag\u00f3nicas<\/title>\n<meta name=\"description\" content=\"Set de caballos de Patagonia pirograbados a mano. Trabajo a fuego \u00fanico para regalar o decorar tu nevera. Ll\u00e9valos para recordar tu estad\u00eda en Patagonia.\" \/>\n<meta name=\"robots\" content=\"index, follow, max-snippet:-1, max-image-preview:large, max-video-preview:-1\" \/>\n<link rel=\"canonical\" href=\"https:\/\/rutaspatagonicas.com.ar\/shop\/producto\/set-4-imanes-caballos-patagonia-pirograbados\/\" \/>\n<meta property=\"og:locale\" content=\"es_ES\" \/>\n<meta property=\"og:type\" content=\"article\" \/>\n<meta property=\"og:title\" content=\"Set 4 Imanes Caballos Patagonia Pirograbados | Rutas Patag\u00f3nicas\" \/>\n<meta property=\"og:description\" content=\"Set de caballos de Patagonia pirograbados a mano. Trabajo a fuego \u00fanico para regalar o decorar tu nevera. Ll\u00e9valos para recordar tu estad\u00eda en Patagonia.\" \/>\n<meta property=\"og:url\" content=\"https:\/\/rutaspatagonicas.com.ar\/shop\/producto\/set-4-imanes-caballos-patagonia-pirograbados\/\" \/>\n<meta property=\"og:site_name\" content=\"Rutas Patag\u00f3nicas\" \/>\n<meta property=\"article:publisher\" content=\"https:\/\/www.facebook.com\/rutaspatagonicas.travel\/\" \/>\n<meta property=\"article:modified_time\" content=\"2020-02-05T14:47:58+00:00\" \/>\n<meta property=\"og:image\" content=\"https:\/\/rutaspatagonicas.com\/advertising\/wp-content\/uploads\/2019\/01\/DSC5193.jpg\" \/>\n\t<meta property=\"og:image:width\" content=\"1920\" \/>\n\t<meta property=\"og:image:height\" content=\"1272\" \/>\n\t<meta property=\"og:image:type\" content=\"image\/jpeg\" \/>\n<meta name=\"twitter:card\" content=\"summary_large_image\" \/>\n<meta name=\"twitter:site\" content=\"@rutaspatagonica\" \/>\n<script type=\"application\/ld+json\" class=\"yoast-schema-graph\">{\"@context\":\"https:\/\/schema.org\",\"@graph\":[{\"@type\":\"WebPage\",\"@id\":\"https:\/\/rutaspatagonicas.com.ar\/shop\/producto\/set-4-imanes-caballos-patagonia-pirograbados\/\",\"url\":\"https:\/\/rutaspatagonicas.com.ar\/shop\/producto\/set-4-imanes-caballos-patagonia-pirograbados\/\",\"name\":\"Set 4 Imanes Caballos Patagonia Pirograbados | Rutas Patag\u00f3nicas\",\"isPartOf\":{\"@id\":\"https:\/\/rutaspatagonicas.com.ar\/shop\/#website\"},\"primaryImageOfPage\":{\"@id\":\"https:\/\/rutaspatagonicas.com.ar\/shop\/producto\/set-4-imanes-caballos-patagonia-pirograbados\/#primaryimage\"},\"image\":{\"@id\":\"https:\/\/rutaspatagonicas.com.ar\/shop\/producto\/set-4-imanes-caballos-patagonia-pirograbados\/#primaryimage\"},\"thumbnailUrl\":\"https:\/\/rutaspatagonicas.com\/advertising\/wp-content\/uploads\/2019\/01\/DSC5193.jpg\",\"datePublished\":\"2019-01-31T13:23:24+00:00\",\"dateModified\":\"2020-02-05T14:47:58+00:00\",\"description\":\"Set de caballos de Patagonia pirograbados a mano. Trabajo a fuego \u00fanico para regalar o decorar tu nevera. Ll\u00e9valos para recordar tu estad\u00eda en Patagonia.\",\"breadcrumb\":{\"@id\":\"https:\/\/rutaspatagonicas.com.ar\/shop\/producto\/set-4-imanes-caballos-patagonia-pirograbados\/#breadcrumb\"},\"inLanguage\":\"es\",\"potentialAction\":[{\"@type\":\"ReadAction\",\"target\":[\"https:\/\/rutaspatagonicas.com.ar\/shop\/producto\/set-4-imanes-caballos-patagonia-pirograbados\/\"]}]},{\"@type\":\"ImageObject\",\"inLanguage\":\"es\",\"@id\":\"https:\/\/rutaspatagonicas.com.ar\/shop\/producto\/set-4-imanes-caballos-patagonia-pirograbados\/#primaryimage\",\"url\":\"https:\/\/rutaspatagonicas.com\/advertising\/wp-content\/uploads\/2019\/01\/DSC5193.jpg\",\"contentUrl\":\"https:\/\/rutaspatagonicas.com\/advertising\/wp-content\/uploads\/2019\/01\/DSC5193.jpg\",\"width\":1920,\"height\":1272},{\"@type\":\"BreadcrumbList\",\"@id\":\"https:\/\/rutaspatagonicas.com.ar\/shop\/producto\/set-4-imanes-caballos-patagonia-pirograbados\/#breadcrumb\",\"itemListElement\":[{\"@type\":\"ListItem\",\"position\":1,\"name\":\"Portada\",\"item\":\"https:\/\/rutaspatagonicas.com.ar\/shop\/\"},{\"@type\":\"ListItem\",\"position\":2,\"name\":\"Quiosco Patagonia\",\"item\":\"https:\/\/rutaspatagonicas.com.ar\/shop\/shop\/\"},{\"@type\":\"ListItem\",\"position\":3,\"name\":\"Set 4 Imanes Caballos Patagonia Pirograbados\"}]},{\"@type\":\"WebSite\",\"@id\":\"https:\/\/rutaspatagonicas.com.ar\/shop\/#website\",\"url\":\"https:\/\/rutaspatagonicas.com.ar\/shop\/\",\"name\":\"Rutas Patag\u00f3nicas\",\"description\":\"Quiosco Patagonia \/ Todo lo que necesitas para tu viaje a Patagonia\",\"potentialAction\":[{\"@type\":\"SearchAction\",\"target\":{\"@type\":\"EntryPoint\",\"urlTemplate\":\"https:\/\/rutaspatagonicas.com.ar\/shop\/?s={search_term_string}\"},\"query-input\":{\"@type\":\"PropertyValueSpecification\",\"valueRequired\":true,\"valueName\":\"search_term_string\"}}],\"inLanguage\":\"es\"}]}<\/script>\n<!-- \/ Yoast SEO plugin. -->","yoast_head_json":{"title":"Set 4 Imanes Caballos Patagonia Pirograbados | Rutas Patag\u00f3nicas","description":"Set de caballos de Patagonia pirograbados a mano. Trabajo a fuego \u00fanico para regalar o decorar tu nevera. Ll\u00e9valos para recordar tu estad\u00eda en Patagonia.","robots":{"index":"index","follow":"follow","max-snippet":"max-snippet:-1","max-image-preview":"max-image-preview:large","max-video-preview":"max-video-preview:-1"},"canonical":"https:\/\/rutaspatagonicas.com.ar\/shop\/producto\/set-4-imanes-caballos-patagonia-pirograbados\/","og_locale":"es_ES","og_type":"article","og_title":"Set 4 Imanes Caballos Patagonia Pirograbados | Rutas Patag\u00f3nicas","og_description":"Set de caballos de Patagonia pirograbados a mano. Trabajo a fuego \u00fanico para regalar o decorar tu nevera. Ll\u00e9valos para recordar tu estad\u00eda en Patagonia.","og_url":"https:\/\/rutaspatagonicas.com.ar\/shop\/producto\/set-4-imanes-caballos-patagonia-pirograbados\/","og_site_name":"Rutas Patag\u00f3nicas","article_publisher":"https:\/\/www.facebook.com\/rutaspatagonicas.travel\/","article_modified_time":"2020-02-05T14:47:58+00:00","og_image":[{"width":1920,"height":1272,"url":"https:\/\/rutaspatagonicas.com\/advertising\/wp-content\/uploads\/2019\/01\/DSC5193.jpg","type":"image\/jpeg"}],"twitter_card":"summary_large_image","twitter_site":"@rutaspatagonica","schema":{"@context":"https:\/\/schema.org","@graph":[{"@type":"WebPage","@id":"https:\/\/rutaspatagonicas.com.ar\/shop\/producto\/set-4-imanes-caballos-patagonia-pirograbados\/","url":"https:\/\/rutaspatagonicas.com.ar\/shop\/producto\/set-4-imanes-caballos-patagonia-pirograbados\/","name":"Set 4 Imanes Caballos Patagonia Pirograbados | Rutas Patag\u00f3nicas","isPartOf":{"@id":"https:\/\/rutaspatagonicas.com.ar\/shop\/#website"},"primaryImageOfPage":{"@id":"https:\/\/rutaspatagonicas.com.ar\/shop\/producto\/set-4-imanes-caballos-patagonia-pirograbados\/#primaryimage"},"image":{"@id":"https:\/\/rutaspatagonicas.com.ar\/shop\/producto\/set-4-imanes-caballos-patagonia-pirograbados\/#primaryimage"},"thumbnailUrl":"https:\/\/rutaspatagonicas.com\/advertising\/wp-content\/uploads\/2019\/01\/DSC5193.jpg","datePublished":"2019-01-31T13:23:24+00:00","dateModified":"2020-02-05T14:47:58+00:00","description":"Set de caballos de Patagonia pirograbados a mano. Trabajo a fuego \u00fanico para regalar o decorar tu nevera. Ll\u00e9valos para recordar tu estad\u00eda en Patagonia.","breadcrumb":{"@id":"https:\/\/rutaspatagonicas.com.ar\/shop\/producto\/set-4-imanes-caballos-patagonia-pirograbados\/#breadcrumb"},"inLanguage":"es","potentialAction":[{"@type":"ReadAction","target":["https:\/\/rutaspatagonicas.com.ar\/shop\/producto\/set-4-imanes-caballos-patagonia-pirograbados\/"]}]},{"@type":"ImageObject","inLanguage":"es","@id":"https:\/\/rutaspatagonicas.com.ar\/shop\/producto\/set-4-imanes-caballos-patagonia-pirograbados\/#primaryimage","url":"https:\/\/rutaspatagonicas.com\/advertising\/wp-content\/uploads\/2019\/01\/DSC5193.jpg","contentUrl":"https:\/\/rutaspatagonicas.com\/advertising\/wp-content\/uploads\/2019\/01\/DSC5193.jpg","width":1920,"height":1272},{"@type":"BreadcrumbList","@id":"https:\/\/rutaspatagonicas.com.ar\/shop\/producto\/set-4-imanes-caballos-patagonia-pirograbados\/#breadcrumb","itemListElement":[{"@type":"ListItem","position":1,"name":"Portada","item":"https:\/\/rutaspatagonicas.com.ar\/shop\/"},{"@type":"ListItem","position":2,"name":"Quiosco Patagonia","item":"https:\/\/rutaspatagonicas.com.ar\/shop\/shop\/"},{"@type":"ListItem","position":3,"name":"Set 4 Imanes Caballos Patagonia Pirograbados"}]},{"@type":"WebSite","@id":"https:\/\/rutaspatagonicas.com.ar\/shop\/#website","url":"https:\/\/rutaspatagonicas.com.ar\/shop\/","name":"Rutas Patag\u00f3nicas","description":"Quiosco Patagonia \/ Todo lo que necesitas para tu viaje a Patagonia","potentialAction":[{"@type":"SearchAction","target":{"@type":"EntryPoint","urlTemplate":"https:\/\/rutaspatagonicas.com.ar\/shop\/?s={search_term_string}"},"query-input":{"@type":"PropertyValueSpecification","valueRequired":true,"valueName":"search_term_string"}}],"inLanguage":"es"}]}},"publishpress_future_workflow_manual_trigger":{"enabledWorkflows":[]},"builder_content":"<p>Set de 4 Imanes dibujados con fuego a mano. Espectaculares caballos de Patagonia hechos con t\u00e9cnicas de Pirograbado. Ideal para regalar de recuerdo o decorar tu nevera. Trabajos exclusivos.<\/p>","_links":{"self":[{"href":"https:\/\/rutaspatagonicas.com\/advertising\/wp-json\/wp\/v2\/product\/4676","targetHints":{"allow":["GET"]}}],"collection":[{"href":"https:\/\/rutaspatagonicas.com\/advertising\/wp-json\/wp\/v2\/product"}],"about":[{"href":"https:\/\/rutaspatagonicas.com\/advertising\/wp-json\/wp\/v2\/types\/product"}],"replies":[{"embeddable":true,"href":"https:\/\/rutaspatagonicas.com\/advertising\/wp-json\/wp\/v2\/comments?post=4676"}],"wp:featuredmedia":[{"embeddable":true,"href":"https:\/\/rutaspatagonicas.com\/advertising\/wp-json\/wp\/v2\/media\/7170"}],"wp:attachment":[{"href":"https:\/\/rutaspatagonicas.com\/advertising\/wp-json\/wp\/v2\/media?parent=4676"}],"wp:term":[{"taxonomy":"product_brand","embeddable":true,"href":"https:\/\/rutaspatagonicas.com\/advertising\/wp-json\/wp\/v2\/product_brand?post=4676"},{"taxonomy":"product_cat","embeddable":true,"href":"https:\/\/rutaspatagonicas.com\/advertising\/wp-json\/wp\/v2\/product_cat?post=4676"},{"taxonomy":"product_tag","embeddable":true,"href":"https:\/\/rutaspatagonicas.com\/advertising\/wp-json\/wp\/v2\/product_tag?post=4676"}],"curies":[{"name":"wp","href":"https:\/\/api.w.org\/{rel}","templated":true}]}}